{"id":599,"date":"2024-10-03T18:59:02","date_gmt":"2024-10-03T16:59:02","guid":{"rendered":"https:\/\/www.couture.pimpelume.fr\/?page_id=599"},"modified":"2025-02-04T22:43:04","modified_gmt":"2025-02-04T21:43:04","slug":"ameublement-decoration","status":"publish","type":"page","link":"https:\/\/www.couture.pimpelume.fr\/?page_id=599","title":{"rendered":"Ameublement et d\u00e9coration"},"content":{"rendered":"\n<p>Je r\u00e9alise vos multiples projets en ameublement &#8211; cr\u00e9ation ou r\u00e9novation.<\/p>\n\n\n\n<p>Coussins, housses de canap\u00e9 sur mesure, banquettes, r\u00e9fection de toile de transat,  rideaux, t\u00eate de lit&#8230; contactez moi pour en parler et je vous proposerai un devis pr\u00e9cis !<\/p>\n\n\n\n<p>Pour vous inspirer, voici quelques unes de mes r\u00e9alisations en photos.<\/p>\n\n\n\n<figure class=\"wp-block-gallery has-nested-images columns-default is-cropped wp-block-gallery-1 is-layout-flex wp-block-gallery-is-layout-flex\">\n<figure class=\"wp-block-image size-large\"><img loading=\"lazy\" decoding=\"async\" width=\"1024\" height=\"1024\" data-id=\"639\" src=\"https:\/\/www.couture.pimpelume.fr\/wp-content\/uploads\/2024\/10\/1727975812386-2-1024x1024.webp\" alt=\"\" class=\"wp-image-639\" srcset=\"https:\/\/www.couture.pimpelume.fr\/wp-content\/uploads\/2024\/10\/1727975812386-2-1024x1024.webp 1024w, https:\/\/www.couture.pimpelume.fr\/wp-content\/uploads\/2024\/10\/1727975812386-2-300x300.webp 300w, https:\/\/www.couture.pimpelume.fr\/wp-content\/uploads\/2024\/10\/1727975812386-2-150x150.webp 150w, https:\/\/www.couture.pimpelume.fr\/wp-content\/uploads\/2024\/10\/1727975812386-2-768x768.webp 768w, https:\/\/www.couture.pimpelume.fr\/wp-content\/uploads\/2024\/10\/1727975812386-2-75x75.webp 75w, https:\/\/www.couture.pimpelume.fr\/wp-content\/uploads\/2024\/10\/1727975812386-2.webp 1080w\" sizes=\"auto, (max-width: 1024px) 100vw, 1024px\" \/><\/figure>\n<\/figure>\n\n\n\n<figure class=\"wp-block-gallery has-nested-images columns-default is-cropped wp-block-gallery-2 is-layout-flex wp-block-gallery-is-layout-flex\">\n<figure class=\"wp-block-image size-large\"><img loading=\"lazy\" decoding=\"async\" width=\"461\" height=\"1024\" data-id=\"591\" src=\"https:\/\/www.couture.pimpelume.fr\/wp-content\/uploads\/2024\/10\/1727974111946-461x1024.jpg\" alt=\"\" class=\"wp-image-591\" srcset=\"https:\/\/www.couture.pimpelume.fr\/wp-content\/uploads\/2024\/10\/1727974111946-461x1024.jpg 461w, https:\/\/www.couture.pimpelume.fr\/wp-content\/uploads\/2024\/10\/1727974111946-135x300.jpg 135w, https:\/\/www.couture.pimpelume.fr\/wp-content\/uploads\/2024\/10\/1727974111946-768x1707.jpg 768w, https:\/\/www.couture.pimpelume.fr\/wp-content\/uploads\/2024\/10\/1727974111946-691x1536.jpg 691w, https:\/\/www.couture.pimpelume.fr\/wp-content\/uploads\/2024\/10\/1727974111946-922x2048.jpg 922w, https:\/\/www.couture.pimpelume.fr\/wp-content\/uploads\/2024\/10\/1727974111946-1140x2533.jpg 1140w, https:\/\/www.couture.pimpelume.fr\/wp-content\/uploads\/2024\/10\/1727974111946-scaled.jpg 1152w\" sizes=\"auto, (max-width: 461px) 100vw, 461px\" \/><\/figure>\n\n\n\n<figure class=\"wp-block-image size-large\"><img loading=\"lazy\" decoding=\"async\" width=\"461\" height=\"1024\" data-id=\"635\" src=\"https:\/\/www.couture.pimpelume.fr\/wp-content\/uploads\/2024\/10\/1727975812322-461x1024.jpg\" alt=\"\" class=\"wp-image-635\" srcset=\"https:\/\/www.couture.pimpelume.fr\/wp-content\/uploads\/2024\/10\/1727975812322-461x1024.jpg 461w, https:\/\/www.couture.pimpelume.fr\/wp-content\/uploads\/2024\/10\/1727975812322-135x300.jpg 135w, https:\/\/www.couture.pimpelume.fr\/wp-content\/uploads\/2024\/10\/1727975812322-768x1707.jpg 768w, https:\/\/www.couture.pimpelume.fr\/wp-content\/uploads\/2024\/10\/1727975812322-691x1536.jpg 691w, https:\/\/www.couture.pimpelume.fr\/wp-content\/uploads\/2024\/10\/1727975812322-922x2048.jpg 922w, https:\/\/www.couture.pimpelume.fr\/wp-content\/uploads\/2024\/10\/1727975812322-1140x2533.jpg 1140w, https:\/\/www.couture.pimpelume.fr\/wp-content\/uploads\/2024\/10\/1727975812322-scaled.jpg 1152w\" sizes=\"auto, (max-width: 461px) 100vw, 461px\" \/><\/figure>\n\n\n\n<figure class=\"wp-block-image size-large\"><img loading=\"lazy\" decoding=\"async\" width=\"819\" height=\"1024\" data-id=\"595\" src=\"https:\/\/www.couture.pimpelume.fr\/wp-content\/uploads\/2024\/10\/1727974239933-819x1024.webp\" alt=\"\" class=\"wp-image-595\" srcset=\"https:\/\/www.couture.pimpelume.fr\/wp-content\/uploads\/2024\/10\/1727974239933-819x1024.webp 819w, https:\/\/www.couture.pimpelume.fr\/wp-content\/uploads\/2024\/10\/1727974239933-240x300.webp 240w, https:\/\/www.couture.pimpelume.fr\/wp-content\/uploads\/2024\/10\/1727974239933-768x960.webp 768w, https:\/\/www.couture.pimpelume.fr\/wp-content\/uploads\/2024\/10\/1727974239933.webp 1080w\" sizes=\"auto, (max-width: 819px) 100vw, 819px\" \/><\/figure>\n<\/figure>\n\n\n\n<figure class=\"wp-block-gallery has-nested-images columns-default is-cropped wp-block-gallery-3 is-layout-flex wp-block-gallery-is-layout-flex\">\n<figure class=\"wp-block-image size-large\"><img loading=\"lazy\" decoding=\"async\" width=\"819\" height=\"1024\" data-id=\"596\" src=\"https:\/\/www.couture.pimpelume.fr\/wp-content\/uploads\/2024\/10\/1727974239941-819x1024.webp\" alt=\"\" class=\"wp-image-596\" srcset=\"https:\/\/www.couture.pimpelume.fr\/wp-content\/uploads\/2024\/10\/1727974239941-819x1024.webp 819w, https:\/\/www.couture.pimpelume.fr\/wp-content\/uploads\/2024\/10\/1727974239941-240x300.webp 240w, https:\/\/www.couture.pimpelume.fr\/wp-content\/uploads\/2024\/10\/1727974239941-768x960.webp 768w, https:\/\/www.couture.pimpelume.fr\/wp-content\/uploads\/2024\/10\/1727974239941.webp 1080w\" sizes=\"auto, (max-width: 819px) 100vw, 819px\" \/><\/figure>\n\n\n\n<figure class=\"wp-block-image size-large\"><img loading=\"lazy\" decoding=\"async\" width=\"819\" height=\"1024\" data-id=\"611\" src=\"https:\/\/www.couture.pimpelume.fr\/wp-content\/uploads\/2024\/10\/1727974239921-1-819x1024.webp\" alt=\"\" class=\"wp-image-611\" srcset=\"https:\/\/www.couture.pimpelume.fr\/wp-content\/uploads\/2024\/10\/1727974239921-1-819x1024.webp 819w, https:\/\/www.couture.pimpelume.fr\/wp-content\/uploads\/2024\/10\/1727974239921-1-240x300.webp 240w, https:\/\/www.couture.pimpelume.fr\/wp-content\/uploads\/2024\/10\/1727974239921-1-768x960.webp 768w, https:\/\/www.couture.pimpelume.fr\/wp-content\/uploads\/2024\/10\/1727974239921-1.webp 1080w\" sizes=\"auto, (max-width: 819px) 100vw, 819px\" \/><\/figure>\n<\/figure>\n\n\n\n<figure class=\"wp-block-gallery has-nested-images columns-default is-cropped wp-block-gallery-4 is-layout-flex wp-block-gallery-is-layout-flex\">\n<figure class=\"wp-block-image size-large\"><img loading=\"lazy\" decoding=\"async\" width=\"771\" height=\"1024\" data-id=\"631\" src=\"https:\/\/www.couture.pimpelume.fr\/wp-content\/uploads\/2024\/10\/1727975812238-771x1024.jpg\" alt=\"\" class=\"wp-image-631\" srcset=\"https:\/\/www.couture.pimpelume.fr\/wp-content\/uploads\/2024\/10\/1727975812238-771x1024.jpg 771w, https:\/\/www.couture.pimpelume.fr\/wp-content\/uploads\/2024\/10\/1727975812238-226x300.jpg 226w, https:\/\/www.couture.pimpelume.fr\/wp-content\/uploads\/2024\/10\/1727975812238-768x1021.jpg 768w, https:\/\/www.couture.pimpelume.fr\/wp-content\/uploads\/2024\/10\/1727975812238-1156x1536.jpg 1156w, https:\/\/www.couture.pimpelume.fr\/wp-content\/uploads\/2024\/10\/1727975812238-1140x1515.jpg 1140w, https:\/\/www.couture.pimpelume.fr\/wp-content\/uploads\/2024\/10\/1727975812238.jpg 1204w\" sizes=\"auto, (max-width: 771px) 100vw, 771px\" \/><\/figure>\n<\/figure>\n\n\n\n<figure class=\"wp-block-image size-large\"><img loading=\"lazy\" decoding=\"async\" width=\"1024\" height=\"771\" src=\"https:\/\/www.couture.pimpelume.fr\/wp-content\/uploads\/2025\/02\/1733349349543-1024x771.jpg\" alt=\"\" class=\"wp-image-751\" srcset=\"https:\/\/www.couture.pimpelume.fr\/wp-content\/uploads\/2025\/02\/1733349349543-1024x771.jpg 1024w, https:\/\/www.couture.pimpelume.fr\/wp-content\/uploads\/2025\/02\/1733349349543-300x226.jpg 300w, https:\/\/www.couture.pimpelume.fr\/wp-content\/uploads\/2025\/02\/1733349349543-768x578.jpg 768w, https:\/\/www.couture.pimpelume.fr\/wp-content\/uploads\/2025\/02\/1733349349543-1536x1157.jpg 1536w, https:\/\/www.couture.pimpelume.fr\/wp-content\/uploads\/2025\/02\/1733349349543-2048x1542.jpg 2048w, https:\/\/www.couture.pimpelume.fr\/wp-content\/uploads\/2025\/02\/1733349349543-1140x858.jpg 1140w, https:\/\/www.couture.pimpelume.fr\/wp-content\/uploads\/2025\/02\/1733349349543-1320x994.jpg 1320w\" sizes=\"auto, (max-width: 1024px) 100vw, 1024px\" \/><\/figure>\n","protected":false},"excerpt":{"rendered":"<p>Je r\u00e9alise vos multiples projets en ameublement &#8211; cr\u00e9ation ou r\u00e9novation. Coussins, housses de canap\u00e9 sur mesure, banquettes, r\u00e9fection de toile de transat, rideaux, t\u00eate de lit&#8230; contactez moi pour en parler et je vous proposerai un devis pr\u00e9cis ! Pour vous inspirer, voici quelques unes de mes r\u00e9alisations en photos.<\/p>\n","protected":false},"author":1,"featured_media":0,"parent":0,"menu_order":0,"comment_status":"closed","ping_status":"closed","template":"","meta":{"_price":"","_stock":"","_tribe_ticket_header":"","_tribe_default_ticket_provider":"","_tribe_ticket_capacity":"0","_ticket_start_date":"","_ticket_end_date":"","_tribe_ticket_show_description":"","_tribe_ticket_show_not_going":false,"_tribe_ticket_use_global_stock":"","_tribe_ticket_global_stock_level":"","_global_stock_mode":"","_global_stock_cap":"","_tribe_rsvp_for_event":"","_tribe_ticket_going_count":"","_tribe_ticket_not_going_count":"","_tribe_tickets_list":"[]","_tribe_ticket_has_attendee_info_fields":false,"footnotes":"","_tec_slr_enabled":"","_tec_slr_layout":""},"class_list":["post-599","page","type-page","status-publish","hentry"],"ticketed":false,"_links":{"self":[{"href":"https:\/\/www.couture.pimpelume.fr\/index.php?rest_route=\/wp\/v2\/pages\/599","targetHints":{"allow":["GET"]}}],"collection":[{"href":"https:\/\/www.couture.pimpelume.fr\/index.php?rest_route=\/wp\/v2\/pages"}],"about":[{"href":"https:\/\/www.couture.pimpelume.fr\/index.php?rest_route=\/wp\/v2\/types\/page"}],"author":[{"embeddable":true,"href":"https:\/\/www.couture.pimpelume.fr\/index.php?rest_route=\/wp\/v2\/users\/1"}],"replies":[{"embeddable":true,"href":"https:\/\/www.couture.pimpelume.fr\/index.php?rest_route=%2Fwp%2Fv2%2Fcomments&post=599"}],"version-history":[{"count":9,"href":"https:\/\/www.couture.pimpelume.fr\/index.php?rest_route=\/wp\/v2\/pages\/599\/revisions"}],"predecessor-version":[{"id":752,"href":"https:\/\/www.couture.pimpelume.fr\/index.php?rest_route=\/wp\/v2\/pages\/599\/revisions\/752"}],"wp:attachment":[{"href":"https:\/\/www.couture.pimpelume.fr\/index.php?rest_route=%2Fwp%2Fv2%2Fmedia&parent=599"}],"curies":[{"name":"wp","href":"https:\/\/api.w.org\/{rel}","templated":true}]}}