{"id":12,"date":"2023-12-04T15:34:40","date_gmt":"2023-12-04T14:34:40","guid":{"rendered":"https:\/\/www.couture.pimpelume.fr\/?page_id=12"},"modified":"2024-06-21T10:19:34","modified_gmt":"2024-06-21T08:19:34","slug":"a-propos-de-pimpelume","status":"publish","type":"page","link":"https:\/\/www.couture.pimpelume.fr\/?page_id=12","title":{"rendered":"A propos de Pimpelume\u2026"},"content":{"rendered":"\n<div class=\"wp-block-media-text has-media-on-the-right is-vertically-aligned-center has-black-color has-text-color has-link-color wp-elements-d65d752c60d3c14278bbe3555ae6e1de\" style=\"grid-template-columns:auto 33%\"><div class=\"wp-block-media-text__content\">\n<p>Je m&rsquo;appelle Pascaline PERRIN,<\/p>\n\n\n\n<p>\u00c9ducatrice sp\u00e9cialis\u00e9e dans un premier temps de vie, j&rsquo;ai souhait\u00e9 ajouter des cordes \u00e0 mon arc et me professionnaliser en couture apr\u00e8s des ann\u00e9es \u00e0 coudre en amateure passionn\u00e9e. Je me suis form\u00e9e puis j&rsquo;ai obtenu le CAP \u00ab\u00a0m\u00e9tiers de la mode v\u00eatement flou\u00a0\u00bb en candidat libre en juin 2023.<\/p>\n\n\n\n<p>Pendant ce temps,  j&rsquo;ai pr\u00e9par\u00e9 activement le projet d&rsquo;un atelier o\u00f9 exercer \u00e0 mon compte.<\/p>\n\n\n\n<p>C&rsquo;est parti pour Pimpelume !<\/p>\n\n\n\n<p>Vous trouverez sur ce site l&rsquo;aboutissement de cette cr\u00e9ation &#8211; qui marque pour moi le d\u00e9but de nouvelles aventures, avec beaucoup de joie.<\/p>\n\n\n\n<p>Un grand merci pour votre visite ! <\/p>\n<\/div><figure class=\"wp-block-media-text__media\"><img loading=\"lazy\" decoding=\"async\" width=\"640\" height=\"1024\" src=\"https:\/\/www.couture.pimpelume.fr\/wp-content\/uploads\/2024\/02\/IMG_20231201_183942-edited-640x1024.jpg\" alt=\"\" class=\"wp-image-159 size-full\" srcset=\"https:\/\/www.couture.pimpelume.fr\/wp-content\/uploads\/2024\/02\/IMG_20231201_183942-edited-640x1024.jpg 640w, https:\/\/www.couture.pimpelume.fr\/wp-content\/uploads\/2024\/02\/IMG_20231201_183942-edited-187x300.jpg 187w, https:\/\/www.couture.pimpelume.fr\/wp-content\/uploads\/2024\/02\/IMG_20231201_183942-edited-768x1230.jpg 768w, https:\/\/www.couture.pimpelume.fr\/wp-content\/uploads\/2024\/02\/IMG_20231201_183942-edited-959x1536.jpg 959w, https:\/\/www.couture.pimpelume.fr\/wp-content\/uploads\/2024\/02\/IMG_20231201_183942-edited-1279x2048.jpg 1279w, https:\/\/www.couture.pimpelume.fr\/wp-content\/uploads\/2024\/02\/IMG_20231201_183942-edited-1140x1825.jpg 1140w, https:\/\/www.couture.pimpelume.fr\/wp-content\/uploads\/2024\/02\/IMG_20231201_183942-edited-scaled.jpg 1599w\" sizes=\"auto, (max-width: 640px) 100vw, 640px\" \/><\/figure><\/div>\n\n\n\n<div class=\"wp-block-media-text is-stacked-on-mobile\"><figure class=\"wp-block-media-text__media\"><img loading=\"lazy\" decoding=\"async\" width=\"1024\" height=\"340\" src=\"https:\/\/www.couture.pimpelume.fr\/wp-content\/uploads\/2024\/02\/LOGO_CMJN_PRINT-MONOCHROME-ROSE-1024x340.png\" alt=\"\" class=\"wp-image-163 size-full\" srcset=\"https:\/\/www.couture.pimpelume.fr\/wp-content\/uploads\/2024\/02\/LOGO_CMJN_PRINT-MONOCHROME-ROSE-1024x340.png 1024w, https:\/\/www.couture.pimpelume.fr\/wp-content\/uploads\/2024\/02\/LOGO_CMJN_PRINT-MONOCHROME-ROSE-300x100.png 300w, https:\/\/www.couture.pimpelume.fr\/wp-content\/uploads\/2024\/02\/LOGO_CMJN_PRINT-MONOCHROME-ROSE-768x255.png 768w, https:\/\/www.couture.pimpelume.fr\/wp-content\/uploads\/2024\/02\/LOGO_CMJN_PRINT-MONOCHROME-ROSE-1536x511.png 1536w, https:\/\/www.couture.pimpelume.fr\/wp-content\/uploads\/2024\/02\/LOGO_CMJN_PRINT-MONOCHROME-ROSE-2048x681.png 2048w, https:\/\/www.couture.pimpelume.fr\/wp-content\/uploads\/2024\/02\/LOGO_CMJN_PRINT-MONOCHROME-ROSE-1140x379.png 1140w\" sizes=\"auto, (max-width: 1024px) 100vw, 1024px\" \/><\/figure><div class=\"wp-block-media-text__content\">\n<p><\/p>\n\n\n\n<p>Mon atelier est situ\u00e9 chemin de la Croix du Lume, c&rsquo;est un joli nom de rue qui \u00e9voque la lumi\u00e8re.<\/p>\n\n\n\n<p id=\"block-bbd74f8b-383c-431a-9b4c-ab5fc1734d74\">La lumi\u00e8re, c&rsquo;est ce qui permet de voir les couleurs &#8211; qui rendent le monde pimpant et joyeux !<\/p>\n\n\n\n<p id=\"block-833da0b0-909f-404e-9a63-26815ba5f8d1\">J&rsquo;aime les cr\u00e9ations pimpantes et color\u00e9es, c&rsquo;est ce que j&rsquo;ai envie de partager !<\/p>\n\n\n\n<p>Merci de tout c\u0153ur \u00e0 Lucie DELASROCAS qui a cr\u00e9\u00e9 l&rsquo;identit\u00e9 visuelle de PIMPELUME !<\/p>\n<\/div><\/div>\n\n\n\n<figure class=\"wp-block-image size-large\"><img loading=\"lazy\" decoding=\"async\" width=\"1024\" height=\"77\" src=\"https:\/\/www.couture.pimpelume.fr\/wp-content\/uploads\/2024\/02\/pied-site-1-1024x77.png\" alt=\"\" class=\"wp-image-99\" srcset=\"https:\/\/www.couture.pimpelume.fr\/wp-content\/uploads\/2024\/02\/pied-site-1-1024x77.png 1024w, https:\/\/www.couture.pimpelume.fr\/wp-content\/uploads\/2024\/02\/pied-site-1-300x22.png 300w, https:\/\/www.couture.pimpelume.fr\/wp-content\/uploads\/2024\/02\/pied-site-1-768x58.png 768w, https:\/\/www.couture.pimpelume.fr\/wp-content\/uploads\/2024\/02\/pied-site-1-1536x115.png 1536w, https:\/\/www.couture.pimpelume.fr\/wp-content\/uploads\/2024\/02\/pied-site-1-2048x154.png 2048w, https:\/\/www.couture.pimpelume.fr\/wp-content\/uploads\/2024\/02\/pied-site-1-1140x85.png 1140w\" sizes=\"auto, (max-width: 1024px) 100vw, 1024px\" \/><\/figure>\n","protected":false},"excerpt":{"rendered":"<p>Je m&rsquo;appelle Pascaline PERRIN, \u00c9ducatrice sp\u00e9cialis\u00e9e dans un premier temps de vie, j&rsquo;ai souhait\u00e9 ajouter des cordes \u00e0 mon arc et me professionnaliser en couture apr\u00e8s des ann\u00e9es \u00e0 coudre en amateure passionn\u00e9e. Je me suis form\u00e9e puis j&rsquo;ai obtenu le CAP \u00ab\u00a0m\u00e9tiers de la mode v\u00eatement flou\u00a0\u00bb en candidat libre en juin 2023. Pendant ce temps, j&rsquo;ai pr\u00e9par\u00e9 activement le projet d&rsquo;un atelier o\u00f9 exercer \u00e0 mon compte. C&rsquo;est parti pour Pimpelume ! Vous trouverez sur ce site l&rsquo;aboutissement de cette cr\u00e9ation &#8211; qui marque pour moi le d\u00e9but de nouvelles aventures, avec beaucoup de joie. Un grand merci pour votre visite ! Mon atelier est situ\u00e9 chemin de la Croix du Lume, c&rsquo;est un joli nom de rue qui \u00e9voque la lumi\u00e8re. La lumi\u00e8re, c&rsquo;est ce qui permet de voir les couleurs &#8211; qui rendent le monde pimpant et joyeux ! J&rsquo;aime les cr\u00e9ations pimpantes et color\u00e9es, c&rsquo;est ce que j&rsquo;ai envie de partager ! Merci de tout c\u0153ur \u00e0 Lucie DELASROCAS qui a cr\u00e9\u00e9 l&rsquo;identit\u00e9 visuelle de PIMPELUME !<\/p>\n","protected":false},"author":1,"featured_media":0,"parent":0,"menu_order":0,"comment_status":"closed","ping_status":"closed","template":"","meta":{"_price":"","_stock":"","_tribe_ticket_header":"","_tribe_default_ticket_provider":"","_tribe_ticket_capacity":"0","_ticket_start_date":"","_ticket_end_date":"","_tribe_ticket_show_description":"","_tribe_ticket_show_not_going":false,"_tribe_ticket_use_global_stock":"","_tribe_ticket_global_stock_level":"","_global_stock_mode":"","_global_stock_cap":"","_tribe_rsvp_for_event":"","_tribe_ticket_going_count":"","_tribe_ticket_not_going_count":"","_tribe_tickets_list":"[]","_tribe_ticket_has_attendee_info_fields":false,"footnotes":"","_tec_slr_enabled":"","_tec_slr_layout":""},"class_list":["post-12","page","type-page","status-publish","hentry"],"ticketed":false,"_links":{"self":[{"href":"https:\/\/www.couture.pimpelume.fr\/index.php?rest_route=\/wp\/v2\/pages\/12","targetHints":{"allow":["GET"]}}],"collection":[{"href":"https:\/\/www.couture.pimpelume.fr\/index.php?rest_route=\/wp\/v2\/pages"}],"about":[{"href":"https:\/\/www.couture.pimpelume.fr\/index.php?rest_route=\/wp\/v2\/types\/page"}],"author":[{"embeddable":true,"href":"https:\/\/www.couture.pimpelume.fr\/index.php?rest_route=\/wp\/v2\/users\/1"}],"replies":[{"embeddable":true,"href":"https:\/\/www.couture.pimpelume.fr\/index.php?rest_route=%2Fwp%2Fv2%2Fcomments&post=12"}],"version-history":[{"count":17,"href":"https:\/\/www.couture.pimpelume.fr\/index.php?rest_route=\/wp\/v2\/pages\/12\/revisions"}],"predecessor-version":[{"id":545,"href":"https:\/\/www.couture.pimpelume.fr\/index.php?rest_route=\/wp\/v2\/pages\/12\/revisions\/545"}],"wp:attachment":[{"href":"https:\/\/www.couture.pimpelume.fr\/index.php?rest_route=%2Fwp%2Fv2%2Fmedia&parent=12"}],"curies":[{"name":"wp","href":"https:\/\/api.w.org\/{rel}","templated":true}]}}